or of 1851191257?
True
Is 26 a factor of 499434644?
False
Does 3955 divide 1660130190?
False
Is 135568166 a multiple of 152?
False
Is 850 a factor of 86875100?
True
Is 242 a factor of 1194318420?
False
Is 27396870 a multiple of 993?
True
Is 83869793 a multiple of 1068?
False
Is 37 a factor of 3425627018?
True
Is 612212827 a multiple of 56?
False
Is 1221954428 a multiple of 140?
False
Is 16155026 a multiple of 158?
True
Does 153 divide 337524120?
True
Is 14848824 a multiple of 808?
False
Is 35236565 a multiple of 65?
True
Is 2868170220 a multiple of 1945?
False
Is 11541000 a multiple of 200?
True
Is 1152643263 a multiple of 5402?
False
Is 16 a factor of 68014137?
False
Is 1318161953 a multiple of 24?
False
Does 154 divide 254001311?
False
Is 469895600 a multiple of 50?
True
Does 85 divide 1484612210?
True
Is 2648938 a multiple of 1116?
False
Does 110 divide 61787737?
False
Is 972638670 a multiple of 768?
False
Is 364994012 a multiple of 68?
True
Is 27 a factor of 26126659?
False
Does 757 divide 42430811?
False
Does 108 divide 24185058?
False
Does 1871 divide 46654988?
False
Is 149675475 a multiple of 5?
True
Does 303 divide 39235470?
True
Is 99 a factor of 101011437?
False
Is 16 a factor of 142839430?
False
Is 87 a factor of 37856659?
False
Is 376901028 a multiple of 8?
False
Is 28343601 a multiple of 1053?
True
Is 302722471 a multiple of 295?
False
Is 215 a factor of 19178860?
True
Is 27 a factor of 199825871?
False
Does 262 divide 675114002?
True
Is 116209681 a multiple of 133?
True
Is 25958888 a multiple of 347?
False
Is 37906860 a multiple of 15?
True
Is 128 a factor of 544155264?
True
Is 1052 a factor of 2311037808?
True
Is 171495366 even?
True
Is 1058 a factor of 1013572464?
True
Does 441 divide 28205265?
False
Does 3 divide 3143739?
True
Is 316137967 a multiple of 334?
False
Is 9 a factor of 1565144373?
False
Is 183 a factor of 112088415?
True
Is 400 a factor of 311835431?
False
Is 522470812 a multiple of 1115?
False
Is 6236823179 a multiple of 2594?
False
Is 867202725 a multiple of 425?
True
Is 96094832 a multiple of 36?
False
Does 1799 divide 290160710?
True
Is 9825 a factor of 517416441?
False
Does 1961 divide 1121052011?
False
Is 825421419 a multiple of 42?
False
Is 1140188829 a multiple of 56?
False
Does 1391 divide 203345222?
False
Does 5 divide 51546710?
True
Does 118 divide 101799190?
True
Is 4725673126 a multiple of 13850?
False
Is 30447261 a multiple of 433?
True
Is 415 a factor of 128648657?
False
Is 1304 a factor of 12532744?
True
Does 568 divide 30734733?
False
Is 597335257 a multiple of 11?
False
Is 221 a factor of 102221119?
True
Does 5 divide 270811441?
False
Is 3513 a factor of 38106896?
False
Does 15 divide 217433460?
True
Is 4 a factor of 46931000?
True
Is 438 a factor of 137198056?
False
Does 21 divide 31620792?
True
Does 220 divide 71388240?
True
Is 19032765 a multiple of 717?
True
Is 5 a factor of 1114960150?
True
Does 1963 divide 387365894?
False
Is 148634834 a multiple of 48?
False
Is 238053028 a multiple of 5379?
False
Is 13623037 a multiple of 19?
False
Is 1920 a factor of 21844388?
False
Does 252 divide 644230440?
True
Is 5382536175 a multiple of 153?
True
Is 748258290 a multiple of 585?
True
Is 21434472 a multiple of 11?
False
Is 34459040 a multiple of 176?
True
Does 9958 divide 2644496270?
True
Is 2986 a factor of 68107674?
True
Is 31 a factor of 58685604?
True
Is 6 a factor of 3283964?
False
Does 16 divide 17846486?
False
Is 9 a factor of 1072034280?
True
Does 2299 divide 47246711?
False
Is 975 a factor of 261437801?
False
Does 10 divide 29120770?
True
Is 511657125 a multiple of 194?
False
Is 1479183027 a multiple of 2361?
True
Is 17 a factor of 5986599?
False
Is 1271178723 a multiple of 267?
True
Is 401794257 a multiple of 166?
False
Is 132 a factor of 10999991?
False
Is 32281599 a multiple of 7?
True
Does 7 divide 160009?
False
Is 289 a factor of 19135268?
True
Is 203552982 a multiple of 12?
False
Is 414 a factor of 33384960?
True
Does 12 divide 156703056?
True
Is 285 a factor of 25239129?
False
Is 6983620 a multiple of 166?
True
Is 17 a factor of 336594495?
False
Does 88 divide 289310344?
False
Is 12 a factor of 99127?
False
Is 405 a factor of 226904981?
False
Does 210 divide 78344728?
False
Is 120906614 a multiple of 140?
False
Does 312 divide 39890078?
False
Does 118 divide 230358892?
True
Is 29 a factor of 1140062?
False
Does 12 divide 16454049?
False
Does 59 divide 247011347?
True
Is 40 a factor of 469134360?
True
Does 4416 divide 17111059?
False
Does 26 divide 27532767?
False
Is 40210259 a multiple of 893?
False
Is 13 a factor of 22704474?
True
Is 1638456678 a multiple of 7011?
True
Does 459 divide 22780629?
True
Is 146 a factor of 13954650?
False
Is 4624657932 a multiple of 6715?
False
Does 1246 divide 73780729?
False
Is 5335710 a multiple of 6?
True
Is 62067656 a multiple of 14?
True
Is 98 a factor of 137710090?
True
Is 55 a factor of 337681245?
True
Does 118 divide 5564061?
False
Is 328717900 a multiple of 212?
False
Does 2951 divide 269144554?
False
Does 62 divide 42132131?
False
Is 7 a factor of 226835867?
False
Is 992 a factor of 121674752?
True
Does 12 divide 379634015?
False
Is 40633808 a multiple of 527?
True
Is 497 a factor of 69255459?
True
Does 755 divide 35567295?
True
Is 166182030 a multiple of 1590?
True
Does 226 divide 44400535?
False
Is 42197066 a multiple of 8?
False
Is 86444884 a multiple of 401?
False
Is 18 a factor of 63353988?
True
Is 41439723 a multiple of 17?
False
Is 1242818424 a multiple of 76?
True
Does 14 divide 199357620?
True
Is 5 a factor of 6473782?
False
Does 78 divide 2101228428?
True
Does 86 divide 10602854?
True
Does 7 divide 117084311?
False
Is 1301 a factor of 1485929321?
False
Is 2133281190 a multiple of 730?
True
Does 23 divide 47524932?
False
Is 442249827 a multiple of 290?
False
Is 354368920 a multiple of 1204?
False
Is 884593537 a multiple of 56?
False
Does 57 divide 50096781?
False
Is 1462533058 a multiple of 12?
False
Is 27 a factor of 111664170?
True
Is 240298674 a multiple of 231?
True
Is 19927098 a multiple of 6?
True
Is 11415220 a multiple of 9165?
False
Is 147 a factor of 6003627?
True
Is 162 a factor of 863506289?
False
Does 289 divide 2857678529?
True
Is 8 a factor of 14418064?
True
Is 186087499 a multiple of 466?
False
Is 7 a factor of 95907595?
True
Is 48576960 a multiple of 480?
True
Is 36 a factor of 8634924?
True
Does 17 divide 78354399?
False
Does 1020 divide 686289626?
False
Is 208920749 a multiple of 457?
True
Is 4402711 a multiple of 4?
False
Is 531987248 a multiple of 208?
True
Is 93 a factor of 698667252?
False
Is 540 a factor of 801187740?
True
Is 32 a factor of 676343552?
True
Is 2249 a factor of 2820472?
False
Is 18055580 a multiple of 454?
True
Is 4097 a factor of 4676086368?
True
Is 3521010971 a multiple of 73?
True
Is 139 a factor of 179168462?
False
Is 296 a factor of 134102800?
True
Is 11 a factor of 369869?
False
Does 2720 divide 17022568?
False
Is 1054648396 a multiple of 32?
False
Is 372 a factor of 6667728?
True
Does 263 divide 152820358?
True
Is 3 a factor of 192153602?
False
Is 13 a factor of 634868320?
False
Is 139453760 a multiple of 13?
False
Does 83 divide 293997366?
False
Does 1112 divide 52512753?
False
Does 9 divide 1199346363?
True
Does 7 divide 19506932?
False
Does 524 divide 56669028?
True
Does 524 divide 20362116?
True
Does 20 divide 46218511?
False
Does 570 divide 6733082?
False
Is 191 a factor of 27984964?
False
Is 982 a factor of 73308264?
True
Does 6 divide 144168?
True
Is 92 a factor of 1208512?
True
Does 270 divide 342322740?
True
Is 3249 a factor of 525421130?
False
Is 17 a factor of 144191042?
True
Does 4 divide 6560802?
False
Does 7 divide 111173575?
False
Is 163 a factor of 82605271?
False
Is 32397987 a multiple of 1059?
True
Is 75188260 a multiple of 14?
True
Does 28 divide 970629828?
True
Is 117072496 a multiple of 3184?
True
Does 21 divide 412056567?
False
Does 93 divide 3402188297?
False
Is 1776 a factor of 72608208?
True
Is 1856807 a multiple of 89?
True
Is 173461888 a multiple of 223?
True
Does 20 divide 55560480?
True
Does 357 divide 10134159?
True
Is 33 a factor of 980353951?
False
Is 2470 a factor of 26162240?
True
Is 17 a factor of 33291541?
False
Does 7338 divide 1141000296?
True
Is 29248